to base 6.
12110123
Convert -d3748 (base 14) to base 7.
-4220121
What is 1073e2 (base 16) in base 14?
200d34
-39759 (base 14) to base 4
-202201103
-45469 (base 13) to base 14
-33cb6
Convert aa10b (base 14) to base 12.
17a393
-8972529 (base 10) to base 4
-202032203301
-c448a2 (base 14) to base 16
-65044e
What is 5824a (base 13) in base 3?
22011112212
100111210002 (base 3) to base 12
903b5
Convert -100010001000010000011 (base 2) to base 14.
-2117b5
What is 1355aa (base 11) in base 6?
4315042
What is 3132033 (base 4) in base 11?
a760
What is 10285636 (base 9) in base 12?
17b1073
Convert -14337513 (base 8) to base 15.
-445ee0
Convert -22111101111200 (base 3) to base 5.
-2123440231
Convert 1d5c6a (base 14) to base 2.
100000001001011010110
What is 85919 (base 14) in base 13?
b3c36
10513105 (base 6) to base 7
2504165
-2723682 (base 10) to base 11
-15a0385
What is -30112132 (base 4) in base 10?
-50590
Convert 9ac (base 16) to base 4.
212230
266012 (base 10) to base 16
40f1c
Convert -4303e7 (base 15) to base 10.
-3190267
-10111010120201 (base 3) to base 16
-1c458d
What is 17de7 (base 15) in base 12?
38954
What is 1477114 (base 9) in base 12?
3359a1
What is -313233220 (base 4) in base 6?
-4521024
What is -81008 (base 10) in base 2?
-10011110001110000
Convert 4004222433 (base 5) to base 10.
7882868
Convert 25d509 (base 16) to base 6.
125050321
What is 3bb2d (base 14) in base 16?
240ad
What is -590bac (base 13) in base 11?
-1215466
16615300 (base 8) to base 7
44631631
-80c9d7 (base 14) to base 3
-22011100220011
2242233 (base 6) to base 14
2da7b
188383 (base 9) to base 15
24d0c
Convert -17cd252 (base 14) to base 3.
-211012001210201
Convert 100111101111111111 (base 2) to base 16.
27bff
Convert 9929b5 (base 13) to base 4.
31300010031
Convert a2426 (base 12) to base 2.
110011100111011110
101351304 (base 6) to base 2
110101100110011111000
What is 2c8ec5 (base 15) in base 3?
11001120021112
What is 21128 (base 14) in base 9?
131425
What is 11002141102 (base 5) in base 11?
66aa320
2414132 (base 5) to base 14
12525
Convert -16023663 (base 8) to base 6.
-210513511
-58c5b5 (base 15) to base 3
-21222121012222
-1215271 (base 8) to base 5
-41201041
-101001110000010000 (base 2) to base 3
-22200121020
What is -3a259a (base 16) in base 12?
-1339336
What is 483b45 (base 16) in base 6?
245243325
-2200627 (base 11) to base 4
-32233311323
What is 13228 (base 12) in base 10?
26240
Convert -26512077 (base 8) to base 13.
-12cac51
What is -7250a (base 12) in base 16?
-2475a
-2477116 (base 8) to base 15
-d8b64
What is -2133102112 (base 4) in base 11?
-406206
79a60 (base 11) to base 7
661304
Convert 137169 (base 10) to base 16.
217d1
-1010010010111010111 (base 2) to base 6
-11121515
10100000000 (base 3) to base 16
1004a
What is 964a0 (base 11) in base 2?
100010010000111101
-900876 (base 10) to base 8
-3337414
What is -24aa84 (base 13) in base 9?
-1581852
What is 221432012 (base 5) in base 14?
1b2977
Convert 76a7 (base 11) to base 14.
39ba
2012224 (base 6) to base 13
343b7
34379 (base 12) to base 6
1254233
Convert 1c3aa8 (base 14) to base 15.
14e021
Convert -ad3619 (base 15) to base 9.
-16484186
4205a60 (base 11) to base 6
422542341
What is -9380a (base 12) in base 3?
-100210201001
Convert -4d1db (base 14) to base 4.
-232110131
-40142215 (base 6) to base 7
-12426563
-85a576 (base 11) to base 8
-5176573
What is -1133011 (base 5) in base 6?
-241130
5203200 (base 9) to base 13
7633a7
Convert cf164 (base 16) to base 5.
204120403
11486 (base 9) to base 14
2b36
Convert -2211320220 (base 4) to base 3.
-1021112001100
-a8da3c (base 14) to base 7
-66434605
What is -112313312 (base 4) in base 12?
-46272
Convert -13582 (base 14) to base 15.
-e22c
163060356 (base 7) to base 13
23a9435
2533071 (base 8) to base 16
ab639
Convert 129910 (base 16) to base 14.
23a276
What is 4b1a7 (base 16) in base 11?
1a0138
1111102100022 (base 3) to base 2
11000010001111000110
188b60 (base 15) to base 8
4433724
What is -414134250 (base 6) in base 9?
-14480283
What is -211122222211 (base 3) in base 4?
-1230322333
Convert -1079b30 (base 12) to base 8.
-14005024
What is 155222534 (base 6) in base 9?
6236674
What is 410113234 (base 5) in base 3?
10002120021020
What is -1111201120100 (base 3) in base 13?
-220b15
Convert 2a727 (base 14) to base 5.
11340204
What is 18e0d (base 16) in base 2?
11000111000001101
Convert -330c8b (base 14) to base 8.
-6465173
Convert 22807577 (base 9) to base 15.
e95d7a
Convert -21122102001 (base 3) to base 15.
-2e8b7
-34000012 (base 5) to base 15
-5ce72
Convert -2062b2 (base 12) to base 13.
-14a57b
-97869 (base 12) to base 11
-127256
12366b3 (base 13) to base 8
25501054
-175604 (base 13) to base 11
-369203
92210a (base 15) to base 16
69ef92
What is 47404 (base 12) in base 5?
11024440
Convert 1221401314 (base 6) to base 13.
2bba552
What is -119203 (base 12) in base 14?
-76027
What is 11111000101101001100 (base 2) in base 16?
f8b4c
Convert -24604 (base 7) to base 13.
-2c3b
Convert -1110000101001011110110 (base 2) to base 13.
-9c3198
1423304 (base 7) to base 14
4d7ab
Convert -a28a8 (base 14) to base 15.
-7ae5e
141536626 (base 7) to base 6
530405424
Convert -1212012111020 (base 3) to base 4.
-3301033320
-51131154 (base 6) to base 9
-2662347
1021013321 (base 4) to base 14
7b21b
What is 103231222310 (base 4) in base 7?
61632314
Convert -7382906 (base 10) to base 4.
-130022131322
Convert -1100101111011100010001 (base 2) to base 12.
-1150a95
-52111366 (base 7) to base 9
-8204261
1100010100101001 (base 2) to base 14
14573
Convert 273277 (base 11) to base 16.
68b6c
-7461a (base 13) to base 2
-110011001101011000
-858316 (base 10) to base 14
-184b24
What is -1101011010000100011 (base 2) in base 14?
-b616b
Convert -10132214 (base 5) to base 4.
-110113222
Convert 1b118 (base 15) to base 3.
11110201012
Convert -88118 (base 10) to base 15.
-1b198
What is -242432 (base 8) in base 3?
-11020011110
-2b832b (base 13) to base 8
-4063275
1010110000110101010 (base 2) to base 14
92758
-55041 (base 7) to base 13
-6348
-111101001010111101 (base 2) to base 14
-6744d
What is -101000001100000010 (base 2) in base 16?
-28302
What is -39676 (base 10) in base 2?
-1001101011111100
-1013322221 (base 4) to base 14
-794c9
What is -46cde (base 15) in base 7?
-1626620
Convert -880202 (base 11) to base 15.
-1cb7da
What is -abb6d (base 16) in base 5?
-140001331
What is 4302175 (base 9) in base 16?
232a06
Convert -1185c (base 14) to base 13.
-16641
-1854324 (base 10) to base 5
-433314244
What is -1322003 (base 4) in base 9?
-11638
Convert ca55a0 (base 14) to base 10.
6852888
What is 3004243 (base 6) in base 3?
21011022200
Convert -1110035 (base 8) to base 14.
-7ad9b
Convert 140185 (base 10) to base 12.
69161
-212224243 (base 5) to base 12
-3740b6
Convert 20066653 (base 7) to base 4.
12112032022
289379 (base 15) to base 6
105522310
What is -60820 (base 15) in base 12?
-128a10
What is -183575 (base 11) in base 2?
-1000101000011101011
-2111212202102 (base 3) to base 9
-2455672
What is -12210210101 (base 3) in base 12?
-56191
What is 2020545 (base 6) in base 3?
11212211202
-589260 (base 10) to base 11
-3727a1
54c24 (base 13) to base 14
3ddd1
Convert -203543513 (base 6) to base 7.
-42060441
Convert -1443320040 (base 5) to base 4.
-32310221031
93531 (base 12) to base 4
233000311
What is -417248 (base 13) in base 3?
-2212201002112
-11dd56 (base 15) to base 5
-204410011
Convert -51961 (base 10) to base 11.
-36048
Convert -1100011110110011000 (base 2) to base 7.
-3322242
-1483995 (base 13) to base 8
-30766337
-509902 (base 11) to base 16
-c7c95
-296e6 (base 15) to base 5
-13230231
Convert -7327152 (base 9) to base 7.
-45165464
-2210223333 (base 4) to base 12
-286453
What is 2402020 (base 6) in base 5?
12443420
Convert 3020303133 (base 4) to base 14.
175a59
-304102322 (base 5) to base 3
-2022212222211
-9712b2 (base 12) to base 10
-2386790
-12000002000020 (base 3) to base 8
-12110555
What is -200011013233 (base 4) in base 3?
-120211020210001
Convert 1236146 (base 11) to base 2.
1000001011110111001111
Convert 11222102101 (base 3) to base 8.
277311
What is -5394058 (base 10) in base 4?
-110210322022
Convert -120031031122 (base 4) to base 15.
-855277
What is -1451913 (base 10) in base 9?
-2652576
Convert 87230 (base 10) to base 14.
23b0a
110010